
Calculate the highest common factor of 42 and 9268.
14
Calculate the greatest common divisor of 5017 and 145.
29
What is the greatest common divisor of 237 and 6478?
79
What is the highest common divisor of 38 and 646?
38
Calculate the greatest common divisor of 52 and 168.
4
What is the highest common factor of 6501 and 66?
33
What is the highest common factor of 3 and 11?
1
What is the highest common factor of 129 and 15?
3
What is the highest common factor of 37 and 7437?
37
What is the greatest common divisor of 108 and 1728?
108
What is the greatest common factor of 650 and 200?
50
Calculate the greatest common factor of 1311 and 57.
57
Calculate the highest common factor of 33 and 275.
11
What is the highest common divisor of 32 and 23728?
16
What is the highest common factor of 115 and 5?
5
What is the greatest common divisor of 45 and 4473?
9
What is the greatest common factor of 776 and 485?
97
What is the greatest common factor of 54 and 1728?
54
What is the highest common factor of 1537 and 53?
53
Calculate the greatest common factor of 160 and 1040.
80
What is the highest common factor of 528 and 684?
12
What is the greatest common factor of 220 and 1210?
110
Calculate the highest common divisor of 17 and 17.
17
Calculate the highest common divisor of 1675 and 50.
25
What is the greatest common divisor of 40 and 205?
5
Calculate the greatest common factor of 512 and 36.
4
Calculate the highest common factor of 4 and 548.
4
Calculate the greatest common factor of 86 and 22.
2
What is the greatest common factor of 144 and 774?
18
What is the highest common factor of 15 and 15?
15
What is the highest common factor of 2793 and 3?
3
Calculate the highest common divisor of 24 and 300.
12
Calculate the greatest common divisor of 189 and 621.
27
Calculate the greatest common factor of 72 and 63.
9
Calculate the greatest common divisor of 14 and 322.
14
What is the greatest common divisor of 472 and 649?
59
What is the greatest common divisor of 14 and 10?
2
Calculate the greatest common divisor of 234 and 13.
13
What is the highest common factor of 118 and 12?
2
Calculate the highest common factor of 75 and 3.
3
What is the highest common factor of 669 and 6?
3
What is the greatest common divisor of 21 and 21?
21
Calculate the greatest common factor of 208 and 272.
16
Calculate the highest common divisor of 13995 and 45.
45
Calculate the greatest common factor of 1 and 1117.
1
Calculate the greatest common divisor of 10 and 40.
10
What is the highest common divisor of 62 and 310?
62
Calculate the highest common factor of 121 and 1.
1
What is the highest common divisor of 10292 and 124?
124
What is the highest common divisor of 14 and 19?
1
Calculate the greatest common divisor of 236 and 80.
4
Calculate the greatest common factor of 21 and 357.
21
What is the highest common factor of 414 and 36?
18
Calculate the highest common factor of 22 and 5126.
22
Calculate the greatest common divisor of 7634 and 22.
22
Calculate the greatest common factor of 30 and 48.
6
Calculate the highest common divisor of 7453 and 29.
29
Calculate the highest common divisor of 93 and 16833.
93
What is the highest common factor of 15 and 45?
15
Calculate the highest common divisor of 297 and 330.
33
What is the highest common divisor of 175 and 5075?
175
What is the greatest common factor of 315 and 77490?
315
Calculate the greatest common factor of 58 and 2494.
58
Calculate the greatest common divisor of 816 and 1200.
48
What is the greatest common factor of 8 and 168?
8
Calculate the greatest common factor of 15 and 365.
5
What is the highest common factor of 182 and 351?
13
Calculate the greatest common factor of 17840 and 40.
40
Calculate the highest common factor of 6 and 5352.
6
What is the greatest common divisor of 27 and 99?
9
Calculate the highest common divisor of 48 and 168.
24
What is the highest common factor of 52 and 416?
52
Calculate the greatest common factor of 68 and 612.
68
What is the greatest common divisor of 45 and 5?
5
What is the greatest common divisor of 1 and 7?
1
What is the highest common factor of 826 and 118?
118
Calculate the greatest common factor of 20 and 990.
10
Calculate the highest common factor of 612 and 72.
36
Calculate the highest common factor of 620 and 30.
10
What is the highest common divisor of 779 and 1189?
41
What is the highest common divisor of 5 and 135?
5
Calculate the greatest common factor of 275 and 88.
11
What is the highest common divisor of 21 and 6447?
21
Calculate the highest common divisor of 413 and 133.
7
What is the highest common divisor of 7 and 6223?
7
Calculate the greatest common divisor of 4 and 148.
4
What is the greatest common divisor of 480 and 30?
30
What is the greatest common divisor of 123 and 75?
3
What is the highest common factor of 725 and 29?
29
Calculate the highest common factor of 681 and 6.
3
What is the highest common factor of 464 and 29?
29
Calculate the highest common divisor of 11460 and 24.
12
Calculate the highest common divisor of 897 and 161.
23
Calculate the greatest common factor of 490 and 20.
10
What is the highest common factor of 418 and 44?
22
What is the highest common divisor of 906 and 9?
3
What is the greatest common divisor of 84 and 189?
21
What is the highest common factor of 99 and 165?
33
What is the greatest common divisor of 306 and 36?
18
What is the greatest common factor of 60 and 1350?
30
Calculate the highest common divisor of 36 and 4308.
12
What is the highest common factor of 8 and 184?
8
What is the highest common divisor of 749 and 428?
107
What is the greatest common factor of 150 and 30?
30
Calculate the highest common factor of 136 and 340.
68
What is the greatest common divisor of 17562 and 6?
6
Calculate the highest common factor of 165 and 935.
55
Calculate the highest common factor of 45 and 1440.
45
What is the greatest common divisor of 28 and 7?
7
What is the greatest common factor of 15 and 105?
15
Calculate the highest common divisor of 62 and 279.
31
Calculate the highest common divisor of 248 and 2015.
31
What is the highest common factor of 3384 and 24?
24
What is the highest common factor of 208 and 494?
26
Calculate the greatest common divisor of 53 and 159.
53
What is the highest common divisor of 81 and 6129?
27
Calculate the highest common divisor of 905 and 1629.
181
What is the greatest common divisor of 272 and 102?
34
What is the greatest common divisor of 64 and 1928?
8
Calculate the greatest common factor of 3 and 246.
3
What is the highest common factor of 4482 and 18?
18
Calculate the highest common divisor of 135 and 585.
45
What is the highest common divisor of 81 and 405?
81
Calculate the highest common factor of 21 and 93.
3
Calculate the greatest common divisor of 53 and 5353.
53
What is the highest common divisor of 128 and 2?
2
What is the highest common divisor of 90 and 90?
90
Calculate the highest common factor of 6013 and 7.
7
Calculate the highest common factor of 21 and 12.
3
Calculate the highest common factor of 10 and 470.
10
What is the greatest common factor of 195 and 1020?
15
Calculate the highest common divisor of 55 and 2453.
11
Calculate the greatest common divisor of 36 and 1332.
36
Calculate the greatest common factor of 10 and 1270.
10
Calculate the greatest common factor of 6510 and 140.
70
What is the highest common factor of 3681 and 117?
9
Calculate the greatest common factor of 5037 and 876.
219
Calculate the highest common divisor of 104 and 3302.
26
What is the greatest common divisor of 1078 and 3038?
98
What is the greatest common factor of 6 and 192?
6
Calculate the highest common factor of 32 and 208.
16
Calculate the greatest common factor of 39 and 99.
3
What is the highest common factor of 207 and 69?
69
What is the greatest common divisor of 852 and 71?
71
Calculate the greatest common factor of 194 and 1067.
97
Calculate the greatest common factor of 45 and 1305.
45
What is the highest common divisor of 244 and 305?
61
What is the highest common factor of 108 and 594?
54
Calculate the greatest common divisor of 12 and 228.
12
What is the greatest common divisor of 71 and 5?
1
What is the greatest common divisor of 7869 and 366?
183
Calculate the highest common di